{"id":763,"date":"2020-04-13T14:31:20","date_gmt":"2020-04-13T14:31:20","guid":{"rendered":"http:\/\/todossomosanimales.org\/web\/?page_id=763"},"modified":"2020-04-28T01:32:16","modified_gmt":"2020-04-28T01:32:16","slug":"paot-lanza-campana-para-informar-sobre-servicios-veterinarios-disponibles-durante-la-cuarentena","status":"publish","type":"page","link":"https:\/\/todossomosanimales.org\/web\/noticias\/paot-lanza-campana-para-informar-sobre-servicios-veterinarios-disponibles-durante-la-cuarentena\/","title":{"rendered":"TAMBI\u00c9N @PAOTmx INVITA AL #NoLosAbandones en su CAMPA\u00d1A #BienestarAnimalCDMX"},"content":{"rendered":"<h2>La comunidad art\u00edstica se suma al #nolosabandones<\/h2>\n<p>Abril 27, 2020<\/p>\n<p>Los animales NO transmiten el Covid-19. As\u00ed que no hay motivo para abandonarlos. La comunidad art\u00edstica se suma a este llamado.<\/p>\n<p>Cuid\u00e9monos TODOS, manteng\u00e1monos sanos.<\/p>\n<p>Todos Somos Animales, s\u00ed tambi\u00e9n t\u00fa.<\/p>\n<p><a href=\"https:\/\/www.facebook.com\/TodosSomosAnimalesMx\/videos\/3460318207317078\/\">https:\/\/www.facebook.com\/TodosSomosAnimalesMx\/videos\/3460318207317078\/<\/a><\/p>\n<h2>LOS ANIMALES DE COMPA\u00d1\u00cdA NO TRANSMITEN NI SE CONTAGIAN DE COVID 19, AS\u00cd QUE ESE NO ES MOTIVO PARA ABANDONARLOS<\/h2>\n<p>Abril 21, 2020<br \/>\nEs muy importante que nuestros animales de compa\u00f1\u00eda se encuentren sanos durante esta contingencia, si no sabes d\u00f3nde acudir, en este directorio encontrar\u00e1s toda la informaci\u00f3n sobre los veterinarios que est\u00e1n laborando actualmente,<\/p>\n<p><a href=\"http:\/\/www.paot.org.mx\/micrositios\/consultorios-veterinarios\/index.php\">http:\/\/www.paot.org.mx\/micrositios\/consultorios-veterinarios\/index.php<\/a><\/p>\n<p>Si tu veterinario no est\u00e1 ah\u00ed o eres veterinario y quieres agregarte entra a este link,<\/p>\n<p><a href=\"https:\/\/docs.google.com\/forms\/u\/0\/d\/1LGnPRjr9WIt90AbDFk77KV5Xxb7I8jLOqV8jles8JCM\/viewform?edit_requested=true\">https:\/\/docs.google.com\/forms\/u\/0\/d\/1LGnPRjr9WIt90AbDFk77KV5Xxb7I8jLOqV8jles8JCM\/viewform?edit_requested=true<\/a><\/p>\n<p>Cuid\u00e9monos TODOS, manteng\u00e1monos sanos.<\/p>\n<p>Todos Somos Animales, s\u00ed tambi\u00e9n t\u00fa.<\/p>\n<p><a href=\"https:\/\/www.facebook.com\/TodosSomosAnimalesMx\/videos\/662855597624195\/%20%20\">https:\/\/www.facebook.com\/TodosSomosAnimalesMx\/videos\/662855597624195\/%20%20<\/a><\/p>\n<h2><a href=\"https:\/\/todossomosanimales.org\/web\/wp-content\/uploads\/2020\/04\/WhatsApp-Image-2020-04-20-at-20.42.13.jpeg\"><img loading=\"lazy\" class=\"alignleft size-full wp-image-817\" src=\"https:\/\/todossomosanimales.org\/web\/wp-content\/uploads\/2020\/04\/WhatsApp-Image-2020-04-20-at-20.42.13.jpeg\" alt=\"\" width=\"1000\" height=\"1000\" srcset=\"https:\/\/todossomosanimales.org\/web\/wp-content\/uploads\/2020\/04\/WhatsApp-Image-2020-04-20-at-20.42.13.jpeg 1000w, https:\/\/todossomosanimales.org\/web\/wp-content\/uploads\/2020\/04\/WhatsApp-Image-2020-04-20-at-20.42.13-150x150.jpeg 150w, https:\/\/todossomosanimales.org\/web\/wp-content\/uploads\/2020\/04\/WhatsApp-Image-2020-04-20-at-20.42.13-300x300.jpeg 300w, https:\/\/todossomosanimales.org\/web\/wp-content\/uploads\/2020\/04\/WhatsApp-Image-2020-04-20-at-20.42.13-768x768.jpeg 768w, https:\/\/todossomosanimales.org\/web\/wp-content\/uploads\/2020\/04\/WhatsApp-Image-2020-04-20-at-20.42.13-80x80.jpeg 80w, https:\/\/todossomosanimales.org\/web\/wp-content\/uploads\/2020\/04\/WhatsApp-Image-2020-04-20-at-20.42.13-900x900.jpeg 900w\" sizes=\"(max-width: 1000px) 100vw, 1000px\" \/><\/a><\/h2>\n<h2><\/h2>\n<h1>LANZA @PAOTmx CAMPA\u00d1A #BienestarAnimalCDMX SOBRE SERVICIOS VETERINARIOS DISPONIBLES DURANTE CUARENTENA<\/h1>\n<h2>PARA QUE A NADIE SE LE OLVIDE QUE ES UN SERVICIO ESENCIAL Y QUE TODOS LOS ANIMALES NO HUMANOS TENGAN ACCESO A LA SALUD<\/h2>\n<p>Abril 13, 2020<br \/>\nDurante esta cuarentena el acceso a muchos servicios se ha visto limitado lo que resulta preocupante sobre todo trat\u00e1ndose de cuestiones de salud. Quienes no preocupamos por nuestros animales no humanos estamos en el mejor inter\u00e9s de tener a la mano informaci\u00f3n de los servicios que est\u00e1n disponibles esta cuarentena en caso de que nuestros animales se enfermen.<\/p>\n<p>En este directorio encontrar\u00e1n toda la informaci\u00f3n sobre los veterinarios que est\u00e1n laborando actualmente,<\/p>\n<p><a href=\"http:\/\/www.paot.org.mx\/micrositios\/consultorios-veterinarios\/index.php\">http:\/\/www.paot.org.mx\/micrositios\/consultorios-veterinarios\/index.php<\/a><\/p>\n<p>Si tu veterinario no est\u00e1 ah\u00ed o eres veterinario y quieres agregarte entra a este link,<\/p>\n<p><a href=\"https:\/\/docs.google.com\/forms\/u\/0\/d\/1LGnPRjr9WIt90AbDFk77KV5Xxb7I8jLOqV8jles8JCM\/viewform?edit_requested=true\">https:\/\/docs.google.com\/forms\/u\/0\/d\/1LGnPRjr9WIt90AbDFk77KV5Xxb7I8jLOqV8jles8JCM\/viewform?edit_requested=true<\/a><\/p>\n<p>Cuid\u00e9monos TODOS, manteng\u00e1monos sanos.<\/p>\n<p>Todos Somos Animales, s\u00ed tambi\u00e9n t\u00fa.<\/p>\n<div class=\"ast-oembed-container\"><iframe loading=\"lazy\" title=\"#BienestarAnimalCDMX\" width=\"500\" height=\"281\" src=\"https:\/\/www.youtube.com\/embed\/tiqqzcLMwx4?feature=oembed\" frameborder=\"0\" allow=\"accelerometer; autoplay; clipboard-write; encrypted-media; gyroscope; picture-in-picture\" allowfullscreen><\/iframe><\/div>\n<p><a href=\"https:\/\/todossomosanimales.org\/web\/wp-content\/uploads\/2020\/04\/Imagen1.jpg\"><img loading=\"lazy\" class=\"alignleft size-full wp-image-764\" src=\"https:\/\/todossomosanimales.org\/web\/wp-content\/uploads\/2020\/04\/Imagen1.jpg\" alt=\"\" width=\"554\" height=\"553\" srcset=\"https:\/\/todossomosanimales.org\/web\/wp-content\/uploads\/2020\/04\/Imagen1.jpg 554w, https:\/\/todossomosanimales.org\/web\/wp-content\/uploads\/2020\/04\/Imagen1-150x150.jpg 150w, https:\/\/todossomosanimales.org\/web\/wp-content\/uploads\/2020\/04\/Imagen1-300x299.jpg 300w, https:\/\/todossomosanimales.org\/web\/wp-content\/uploads\/2020\/04\/Imagen1-80x80.jpg 80w\" sizes=\"(max-width: 554px) 100vw, 554px\" \/><\/a><\/p>\n","protected":false},"excerpt":{"rendered":"<p>La comunidad art\u00edstica se suma al #nolosabandones Abril 27, 2020 Los animales NO transmiten el Covid-19. As\u00ed que no hay motivo para abandonarlos. La comunidad art\u00edstica se suma a este llamado. Cuid\u00e9monos TODOS, manteng\u00e1monos sanos. Todos Somos Animales, s\u00ed tambi\u00e9n t\u00fa. LOS ANIMALES DE COMPA\u00d1\u00cdA NO TRANSMITEN NI SE CONTAGIAN DE COVID 19, AS\u00cd QUE &hellip;<\/p>\n<p class=\"read-more\"> <a class=\"\" href=\"https:\/\/todossomosanimales.org\/web\/noticias\/paot-lanza-campana-para-informar-sobre-servicios-veterinarios-disponibles-durante-la-cuarentena\/\"> <span class=\"screen-reader-text\">TAMBI\u00c9N @PAOTmx INVITA AL #NoLosAbandones en su CAMPA\u00d1A #BienestarAnimalCDMX<\/span> Leer m\u00e1s &raquo;<\/a><\/p>\n","protected":false},"author":2,"featured_media":0,"parent":20,"menu_order":2,"comment_status":"closed","ping_status":"closed","template":"","meta":{"site-sidebar-layout":"default","site-content-layout":"default","ast-main-header-display":"","ast-hfb-above-header-display":"","ast-hfb-below-header-display":"","ast-hfb-mobile-header-display":"","site-post-title":"","ast-breadcrumbs-content":"","ast-featured-img":"","footer-sml-layout":"","theme-transparent-header-meta":"","adv-header-id-meta":"","stick-header-meta":"","header-above-stick-meta":"","header-main-stick-meta":"","header-below-stick-meta":""},"_links":{"self":[{"href":"https:\/\/todossomosanimales.org\/web\/wp-json\/wp\/v2\/pages\/763"}],"collection":[{"href":"https:\/\/todossomosanimales.org\/web\/wp-json\/wp\/v2\/pages"}],"about":[{"href":"https:\/\/todossomosanimales.org\/web\/wp-json\/wp\/v2\/types\/page"}],"author":[{"embeddable":true,"href":"https:\/\/todossomosanimales.org\/web\/wp-json\/wp\/v2\/users\/2"}],"replies":[{"embeddable":true,"href":"https:\/\/todossomosanimales.org\/web\/wp-json\/wp\/v2\/comments?post=763"}],"version-history":[{"count":6,"href":"https:\/\/todossomosanimales.org\/web\/wp-json\/wp\/v2\/pages\/763\/revisions"}],"predecessor-version":[{"id":849,"href":"https:\/\/todossomosanimales.org\/web\/wp-json\/wp\/v2\/pages\/763\/revisions\/849"}],"up":[{"embeddable":true,"href":"https:\/\/todossomosanimales.org\/web\/wp-json\/wp\/v2\/pages\/20"}],"wp:attachment":[{"href":"https:\/\/todossomosanimales.org\/web\/wp-json\/wp\/v2\/media?parent=763"}],"curies":[{"name":"wp","href":"https:\/\/api.w.org\/{rel}","templated":true}]}}