{"id":309,"date":"2018-01-19T02:05:06","date_gmt":"2018-01-19T02:05:06","guid":{"rendered":"http:\/\/todossomosanimales.org\/web\/?page_id=309"},"modified":"2020-04-13T14:38:26","modified_gmt":"2020-04-13T14:38:26","slug":"sobre-la-presentacion-de-guauderiaganador-de-neovia-en-granjalasamericas","status":"publish","type":"page","link":"https:\/\/todossomosanimales.org\/web\/noticias\/sobre-la-presentacion-de-guauderiaganador-de-neovia-en-granjalasamericas\/","title":{"rendered":"Sobre la presentaci\u00f3n de #guauderiaganador de #neovia en #GranjaLasAm\u00e9ricas"},"content":{"rendered":"<p>Hace un par de d\u00edas recib\u00ed la invitaci\u00f3n de la agencia de Relaciones P\u00fablicas de Neovia para asistir a la presentaci\u00f3n de su proyecto Guauder\u00eda Ganador en Granja Las Am\u00e9ricas. Para ser honesta mi primera reacci\u00f3n fue rech<a href=\"https:\/\/todossomosanimales.org\/web\/wp-content\/uploads\/2018\/01\/2.jpg\"><img loading=\"lazy\" class=\"size-medium wp-image-310 alignleft\" src=\"https:\/\/todossomosanimales.org\/web\/wp-content\/uploads\/2018\/01\/2-225x300.jpg\" alt=\"\" width=\"225\" height=\"300\" srcset=\"https:\/\/todossomosanimales.org\/web\/wp-content\/uploads\/2018\/01\/2-225x300.jpg 225w, https:\/\/todossomosanimales.org\/web\/wp-content\/uploads\/2018\/01\/2-300x401.jpg 300w, https:\/\/todossomosanimales.org\/web\/wp-content\/uploads\/2018\/01\/2.jpg 396w\" sizes=\"(max-width: 225px) 100vw, 225px\" \/><\/a>azar la invitaci\u00f3n ya que, como todos ustedes saben, en el pasado hemos tenido algunas opiniones encontradas con la Granja Las Am\u00e9ricas y porque tambi\u00e9n han existido proyectos similares cuyos resultados han sido bastante malitos por decir lo menos. Sin embargo tambi\u00e9n pens\u00e9 que la \u00fanica v\u00eda para generar verdaderos cambios en materia animal es el di\u00e1logo y que, finalmente, la intenci\u00f3n de este proyecto es educar sobre la correcta tenencia de animales de compa\u00f1\u00eda.<\/p>\n<p>Los representantes de la agencia, muy amables por cierto, me comentaron que la idea era dar a padres e hijos una explicaci\u00f3n sobre la responsabilidad que implica tener un perro en casa y que todo esto se har\u00eda mientras se conviv\u00eda con algunos cachorros en un espacio controlado.<\/p>\n<p>Me pareci\u00f3 prudente hacerles llegar algunas de mis inquietudes para que, idealmente, pudiera tenerlas resueltas antes del evento. Ese listado de 10 preguntas fue compartido v\u00eda Twitter pero ah\u00ed les va para quien no hubiera tenido chance de leerlo:<\/p>\n<ol>\n<li>Horario de trabajo de los perros<\/li>\n<li>N\u00famero de ni\u00f1os en cada grupo y cantidad de perros en el mismo<\/li>\n<li>Personas a cargo del grupo y su especialidad<\/li>\n<li>Origen de los perros que van a estar trabajando<\/li>\n<li>Destino de los perros que ya no se requieran en la Guauder\u00eda<\/li>\n<li>Edades de los perros que colaboran<\/li>\n<li>Posibilidad de adopci\u00f3n de los perros<\/li>\n<li>Estado actual de los animales de Granja las Am\u00e9ricas<\/li>\n<li>Confirmaci\u00f3n de si Ganador experimenta con animales<\/li>\n<li>Tipo de discurso que se dar\u00e1 a los ni\u00f1os<\/li>\n<\/ol>\n<p>Mi primera sorpresa fue no tener respuesta pero me aseguraron que durante el evento resolver\u00edan todas mis dudas. As\u00ed que como ando en etapa zen, decid\u00ed acudir.<\/p>\n<p>Confieso que los lugares donde hay animales en cautiverio no me gustan as\u00ed que me arm\u00e9 de toda la paciencia que logr\u00e9 acumular esta fr\u00eda ma\u00f1ana. Durante la presentaci\u00f3n nos explicaron que algunos activistas estuvieron involucrados en el desarrollo del proyecto [El Muro, Croquetero y De la Calle a la Casa] y vimos un video. Hablaron los responsables de la marca, los encargados de Granja Las Am\u00e9ricas y hasta el MVZ. Hasta ese momento segu\u00eda sin respuestas as\u00ed que decid\u00ed aprovechar el espacio de preguntas para resolver al menos algunas de ellas: origen y destino de los cachorros, por qu\u00e9 solo cachorros y por qu\u00e9 solo de raza. Me explicaron que los cachorros los obtienen de un \u00abrancho\u00bb y que cuando cumplen su per\u00edodo son devueltos a ese mismo rancho para su adopci\u00f3n \u00bf?. Dijeron usar beagles porque son altamente activos y sociables pero que est\u00e1n abiertos a utilizar perros criollos o adultos. Y entonces hicimos el recorrido al lugar.<\/p>\n<p>Si han visitado La Granja hay algunos espacios en exterior donde puede entrar un peque\u00f1o grupo de gente y recibir alg\u00fan tipo de explicaci\u00f3n sobre el animal en cuesti\u00f3n. La Guauder\u00eda es b\u00e1sicamente eso. Entran padres e hijos, se les da un mensaje muy b\u00e1sico [MUUUUY] sobre tenencia responsable y se les habla sobre perros h\u00e9roes. Despu\u00e9s hay oportunidad de convivir con los perros.<\/p>\n<p>Me dijeron que los grupos no son mayores a 10 personas-5 perros, que los perros trabajan 3 horas y descansan el resto del tiempo para que no se estresen. Ped\u00ed visitar el \u00e1rea de descanso de los animales y mi sorpresa fue grande cuando accedieron sin mayor problema. Fuimos pues a ese espacio donde dec\u00eda \u00ab\u00c1rea Restringida\u00bb y vi un espacio limpio y adecuado. Ya entrados en gastos visitamos al resto de los animales. Me dijeron que en ese momento no estaban los perros porque salen a caminar dos veces al d\u00eda, 90 minutos por la ma\u00f1ana y un momento por la noche. El recorrido completo lo pueden ver en\u00a0<a href=\"https:\/\/www.facebook.com\/segoviasan\/videos\/10212901206058941\/\">https:\/\/www.facebook.com\/segoviasan\/videos\/10212901206058941\/<\/a><\/p>\n<p>Me enter\u00e9 de varias cosas que hicieron que los pelos se me pusieran de punta. Por ejemplo, todos los animales de este lugar se rotan. Es decir est\u00e1n un tiempo y luego los cambian por otros. S\u00ed, as\u00ed como si fueran desechables. Esto lo coment\u00e9 con la gente de La Granja y la gente de la marca y ambos coincidieron en que efectivamente eso no estaba bien.<\/p>\n<p>Acordamos que yo les har\u00eda llegar un documento en el que explicar\u00eda a detalle mis observaciones y sugerencias al programa y quedamos en que nos reunir\u00edamos para discutirlo. Reconozco que toda la apertura que mostraron me sorprendi\u00f3 gratamente. As\u00ed que en definitiva har\u00e9 llegar el famoso documento.<\/p>\n<p>Por otro lado me enter\u00e9 que el \u00e1rea a la que me llevaron no es propiamente la de descanso de los perros y quienes pudieron verla me dicen que las condiciones en las que est\u00e1n no son \u00f3ptimas. Esto tambi\u00e9n lo comentar\u00e9 en nuestra pr\u00f3xima reuni\u00f3n.<\/p>\n<p>En resumen, creo que las iniciativas que tengan por objetivo educar respecto a la tenencia responsable deben apoyarse, tambi\u00e9n creo que es importante acostumbrarnos a generar un cambio a trav\u00e9s del di\u00e1logo m\u00e1s all\u00e1 de las diferencias.<\/p>\n<p>El ejercicio no sali\u00f3 tan mal pero sigo con mis reservas y muchas. Ya les contar\u00e9 qu\u00e9 resulta de la siguiente reuni\u00f3n. Ojal\u00e1 sean buenas noticias para todos, particularmente para los animales.<\/p>\n<p>&nbsp;<\/p>\n<p>&nbsp;<\/p>\n","protected":false},"excerpt":{"rendered":"<p>Hace un par de d\u00edas recib\u00ed la invitaci\u00f3n de la agencia de Relaciones P\u00fablicas de Neovia para asistir a la presentaci\u00f3n de su proyecto Guauder\u00eda Ganador en Granja Las Am\u00e9ricas. Para ser honesta mi primera reacci\u00f3n fue rechazar la invitaci\u00f3n ya que, como todos ustedes saben, en el pasado hemos tenido algunas opiniones encontradas con &hellip;<\/p>\n<p class=\"read-more\"> <a class=\"\" href=\"https:\/\/todossomosanimales.org\/web\/noticias\/sobre-la-presentacion-de-guauderiaganador-de-neovia-en-granjalasamericas\/\"> <span class=\"screen-reader-text\">Sobre la presentaci\u00f3n de #guauderiaganador de #neovia en #GranjaLasAm\u00e9ricas<\/span> Leer m\u00e1s &raquo;<\/a><\/p>\n","protected":false},"author":2,"featured_media":0,"parent":20,"menu_order":6,"comment_status":"closed","ping_status":"closed","template":"","meta":{"site-sidebar-layout":"default","site-content-layout":"default","ast-main-header-display":"","ast-hfb-above-header-display":"","ast-hfb-below-header-display":"","ast-hfb-mobile-header-display":"","site-post-title":"","ast-breadcrumbs-content":"","ast-featured-img":"","footer-sml-layout":"","theme-transparent-header-meta":"","adv-header-id-meta":"","stick-header-meta":"","header-above-stick-meta":"","header-main-stick-meta":"","header-below-stick-meta":""},"_links":{"self":[{"href":"https:\/\/todossomosanimales.org\/web\/wp-json\/wp\/v2\/pages\/309"}],"collection":[{"href":"https:\/\/todossomosanimales.org\/web\/wp-json\/wp\/v2\/pages"}],"about":[{"href":"https:\/\/todossomosanimales.org\/web\/wp-json\/wp\/v2\/types\/page"}],"author":[{"embeddable":true,"href":"https:\/\/todossomosanimales.org\/web\/wp-json\/wp\/v2\/users\/2"}],"replies":[{"embeddable":true,"href":"https:\/\/todossomosanimales.org\/web\/wp-json\/wp\/v2\/comments?post=309"}],"version-history":[{"count":1,"href":"https:\/\/todossomosanimales.org\/web\/wp-json\/wp\/v2\/pages\/309\/revisions"}],"predecessor-version":[{"id":311,"href":"https:\/\/todossomosanimales.org\/web\/wp-json\/wp\/v2\/pages\/309\/revisions\/311"}],"up":[{"embeddable":true,"href":"https:\/\/todossomosanimales.org\/web\/wp-json\/wp\/v2\/pages\/20"}],"wp:attachment":[{"href":"https:\/\/todossomosanimales.org\/web\/wp-json\/wp\/v2\/media?parent=309"}],"curies":[{"name":"wp","href":"https:\/\/api.w.org\/{rel}","templated":true}]}}